1*(5 - 0). Let z be x(v). Calculate the highest common factor of z and d.
6
Let c = 19 - 18. Suppose -5 = -w - c. Suppose 4*q - 84 = -h, 0 = 2*h - w*q - q - 207. Calculate the greatest common divisor of 12 and h.
12
Let w(f) = -29*f + 27. Let v be w(-3). Suppose 43*r - v = 40*r. Calculate the highest common divisor of 95 and r.
19
Let y be (-1)/2 - 14/(-4). Let r be ((-70)/y)/(2/(-6)). Suppose 200*u - 182*u = 180. Calculate the highest common factor of u and r.
10
Let l(g) = -g - 6. Let i be l(-6). Let v be 6/(3/8 + i). Suppose 59*o + 3*n + 201 = 62*o, 2*n = -6. Calculate the highest common factor of v and o.
16
Let t(w) = w**2 + w + 8. Suppose -3*k = -3 + 63. Let x = k - -15. Let l be t(x). Calculate the highest common factor of 4 and l.
4
Let b be 28/(-98) + 1348/14. Let l = -19 + 31. Calculate the greatest common factor of l and b.
12
Let b(h) = h**2 - 11*h - 19. Let q be b(13). Let z = 82 + -33. Let o be (z/2)/((-1)/(-2)). Calculate the highest common factor of o and q.
7
Let k be 19 - (1/(-3) - (-220)/66). Let v = 267 - 187. Calculate the highest common factor of k and v.
16
Let x(s) = -3*s - 17. Let d(q) = q**3 + q**2 + q - 6. Let g be d(0). Let w be x(g). Let p = 9 + -6. Calculate the greatest common divisor of p and w.
1
Let i(a) = -33*a - 148. Let n be i(-12). Calculate the highest common divisor of n and 93.
31
Let b = 164 + 364. Suppose 4*a + 2*r - 396 = a, -4*a - 2*r = -b. Calculate the highest common divisor of 44 and a.
44
Let q be -25 - (0/(-1) + 1). Suppose 0 = -12*b - 2*b - 182. Let x = b - q. What is the highest common divisor of x and 13?
13
Let j(m) = m**2 - 4*m + 16. Let q be j(4). What is the highest common divisor of q and 80?
16
Suppose -10*t = -12*t + 10. What is the greatest common factor of t and 185?
5
Let m be 0*-3*(-2)/(-12). Suppose m*x - 38 = -x. What is the highest common divisor of 304 and x?
38
Let s(x) = -60*x**2 - 2*x + 3. Let z be s(2). Let u = 153 + z. Let k be (-28)/(-210) + u/(-15). Calculate the greatest common divisor of 36 and k.
6
Let j = -350 + 361. What is the greatest common factor of j and 22?
11
Let u = 1161 + -532. What is the greatest common divisor of 37 and u?
37
Let l = 26 + 4. Let s(x) = 2*x**3 - 28*x**2 + 4*x + 4. Let o be s(14). Calculate the highest common divisor of l and o.
30
Let t be ((-78)/4)/(8 + 460/(-56)). What is the highest common factor of t and 143?
13
Let v = -960 + 1698. What is the greatest common divisor of v and 82?
82
Suppose -16 = 2*n + 2. Let r be (15/(-9) - -2)*n. Let f = r + 4. What is the highest common factor of f and 7?
1
Let r be (-1 - -5 - -1)*(-12)/(-15). Suppose -r*h = 2*b - 430, 5*h + 2*b + b = 537. Calculate the highest common divisor of 12 and h.
12
Let t be 110/(-495) + (2490/27 - -1). Calculate the highest common factor of 124 and t.
31
Let m(n) = n - 7. Let v be m(11). Suppose 3*x - 4*z - 290 = 0, -2*x - x - v*z = -250. Calculate the greatest common divisor of 135 and x.
45
Let m be 24 - (-2 - -2)/1. Let z be 30/(-25)*(-25)/(-10) - -39. What is the greatest common factor of m and z?
12
Let s = -890 - -1578. What is the highest common divisor of 16 and s?
16
Let x(l) = 9*l + 39. Let a be x(8). Calculate the highest common divisor of 111 and a.
111
Let v(y) = y**3 + 16*y**2 + 15*y + 8. Let l be v(-15). Suppose -124*c = -126*c + 16. What is the greatest common factor of l and c?
8
Let v(a) = -58*a + 256. Let j be v(4). Calculate the highest common factor of j and 552.
24
Let w = -30 + 44. Let f be (4 + -2)/(1/5). Let r(b) = 5*b - 8. Let z be r(f). Calculate the greatest common divisor of z and w.
14
Let s be 30/(-36)*(-63)/15*8. Calculate the greatest common factor of s and 896.
28
Let y be 27/(-5 - (0 + -4)). Let q = y + 83. What is the highest common factor of q and 28?
28
Let h = 31 + -19. Let t be (-1)/(-2)*(-18 - 6)*-7. Calculate the greatest common divisor of t and h.
12
Suppose -3*s + 12273 = -2313. Let x be (-4)/(-32) + s/16. What is the greatest common factor of 38 and x?
38
Let o(b) = 2*b**2 + 1. Let t be o(1). Suppose u = x - 47, 4*x + x = t*u + 229. Let c be 1/(-4 - (-3 + 15/(-12))). What is the highest common factor of c and x?
4
Let p = -223 + 268. What is the greatest common factor of 495 and p?
45
Let j(w) = w**3 + 4*w**2 - 55*w - 27. Let q be j(-9). What is the greatest common divisor of q and 441?
63
Let i = -58 + 102. Suppose -i = 12*j - 16*j. What is the highest common factor of 297 and j?
11
Suppose 0 = -20*c + 293 + 347. Calculate the greatest common divisor of c and 336.
16
Suppose 4*w + 0*q + 4*q = -8, 4*q = 3*w - 22. Suppose l + 2*k + 40 = w*l, 5*l - 161 = -3*k. Calculate the highest common factor of 85 and l.
17
Suppose -4*u + 197 + 163 = 0. What is the greatest common divisor of u and 1?
1
Let u be (3 - 59)/(-7) + (-6)/(-3). Let w(t) = -5*t. Let s be w(-6). What is the highest common divisor of u and s?
10
Let k = -2779 + 2815. Calculate the greatest common factor of k and 234.
18
Suppose 7*y = -6*y + 39. What is the highest common divisor of 96 and y?
3
Let f be (2/(-4))/(8/(-64)). Let z be 56 + ((-1)/f - (-28)/(-16)). Calculate the greatest common divisor of z and 18.
18
Suppose 74 - 314 = -3*l. Calculate the greatest common factor of l and 120.
40
Let t(m) = -m**3 - 10*m**2 - 9*m + 1. Let p be t(-9). Let r be p*(4 - (1 + 3)). Suppose -4*x + 130 + 54 = r. Calculate the highest common factor of 69 and x.
23
Let k = -118 - -138. What is the highest common factor of k and 40?
20
Let b(c) = -c**3 + 9*c**2 + 10*c - 8. Let i be b(6). Suppose -l = -o + 4*l + 64, o = l + 64. Calculate the greatest common divisor of o and i.
32
Let x(m) = 2*m**3 - 12*m**2 - 10*m - 17. Let n be x(7). Calculate the highest common factor of 253 and n.
11
Let l be 0/1 - (10 - -2). Let n = l + 20. Calculate the greatest common factor of n and 64.
8
Suppose 9 = -5*f + 89. Calculate the greatest common factor of 28 and f.
4
Let h(n) = 6*n**2 + 11*n + 3. Let y be h(-5). Suppose y = 2*w - 14. What is the highest common factor of 84 and w?
28
Suppose 5*g = -2*i + 6*i + 109, -i + g = 26. Let y be (0 - -1)*i - 1. Let n = 35 + y. Calculate the greatest common factor of n and 65.
13
Suppose 1 = -11*q + 23. Suppose -5*t = -5*v - 30, -32 = -5*t + 6*v - q*v. Suppose -23 - 41 = -4*d. Calculate the highest common factor of t and d.
8
Let a be ((-12)/8)/(6/(-520)). Let r be 1 + (-2)/2 + 13. Let j be r/(-2 + 2 - 2/(-4)). Calculate the highest common factor of a and j.
26
Let t be (-138)/(-10) - (-2)/10. Suppose -121 + 9 = -16*j. Calculate the greatest common factor of t and j.
7
Let n be (-1 + 2/6)*402/(-4). Suppose -y = 2*y + 2*z - n, -3*y - 5*z + 64 = 0. What is the greatest common divisor of 115 and y?
23
Let a be -6 + 6 + 112/2. Suppose z - c = -0*c + 620, -2*z + 1228 = c. Calculate the highest common divisor of z and a.
56
Let d(u) = -2*u**2 + 8*u + 1. Let j be d(4). Let h = -34 - -37. Calculate the greatest common factor of j and h.
1
Let p be (-24)/(-44) + (-11)/(363/(-9684)). Calculate the highest common factor of p and 12.
6
Suppose 13*w + 20 = 46. Calculate the greatest common divisor of w and 46.
2
Let a = -15 + 31. What is the highest common factor of 4 and a?
4
Let v be (-29 + 11)/((-4)/64). Calculate the highest common factor of v and 32.
32
Let y(r) = -r**2 - 38*r - 16. Let f be y(-36). Calculate the highest common factor of f and 32.
8
Let h(u) = 5*u - 44. Let o be h(12). Let t = -19 - -75. Calculate the greatest common divisor of t and o.
8
Suppose 5*c - 4*s - 358 = 452, 4*c - 648 = -5*s. Calculate the highest common factor of c and 288.
18
Suppose -3*w = n + n - 14, -2 = -3*w + n. Suppose f = -i - 1 + 3, i - w*f = 8. Calculate the greatest common factor of 16 and i.
4
Suppose -49*i + 46*i + 18 = 0. What is the greatest common factor of 66 and i?
6
Let a = 5 + -2. Let w(t) = 2*t**2 + 3*t - 13. Let i be w(6). Suppose -25 = -a*f + i. What is the highest common factor of f and 272?
34
Suppose -8*q + 72 + 512 = 0. Calculate the highest common factor of q and 1168.
73
Let f = -548 + 975. What is the greatest common factor of f and 122?
61
Suppose -104*b - 140 = -114*b. Calculate the highest common factor of 7 and b.
7
Let i be (-6 + 7)*(71 - 0/(-1)). Suppose -25 - i = -12*q. What is the greatest common factor of q and 64?
8
Let c be 63 - -8*4/(-32). What 